he greatest common factor of z and 3?
3
Suppose 4*b - 38 = -14. Calculate the greatest common divisor of 2 and b.
2
Let m be (-6)/1*(-2)/4. Suppose 6*u - m*u = 315. What is the greatest common divisor of u and 15?
15
Let x(p) = 5*p**2 - 2*p - 4. Let r be x(-4). Suppose -4*z = -3*z - r. Calculate the highest common factor of z and 12.
12
Let w(k) = 2*k. Let b be w(7). What is the greatest common factor of b and 126?
14
Let s(z) = z**3 - 2*z**2 + 2*z - 3. Let v be s(2). What is the greatest common factor of 5 and v?
1
Suppose -4*p - 3*p = -56. Calculate the highest common divisor of 32 and p.
8
Suppose -2*r + 3*o = r - 33, -2*o + 10 = 2*r. Calculate the highest common divisor of r and 64.
8
Suppose -u + 3 = 1. Suppose 3*z - 76 = -4*y, u*y - 2 + 12 = 0. What is the greatest common divisor of 80 and z?
16
Let z(o) = -9 + 5 + 111*o**3 + 3. Let h be z(1). What is the highest common divisor of 22 and h?
22
Let h(q) = 2*q**2 + 7*q + 9. Let z(i) = 1. Let y(p) = h(p) - 3*z(p). Let o be y(-4). Calculate the greatest common divisor of o and 80.
10
Let q(i) = 5*i. Let g be q(-1). Let m = -2 - g. Suppose 0 = m*v - 5*u - 278, -394 = -4*v - 4*u - 2. Calculate the greatest common divisor of 12 and v.
12
Let j = 305 + -165. Let m = -48 - -18. Let v be j/6*(-36)/m. What is the highest common factor of 14 and v?
14
Let t be 6/(-33) + 666/33. What is the highest common factor of 8 and t?
4
Suppose 5*n - 6 = 3*w, -4*w + w = 4*n - 21. Suppose 0 = s - 3 - 0. What is the highest common factor of w and s?
3
Let t be ((-70)/(-4))/((-2)/(-4)). Suppose 5*z - 34 = 106. Suppose -2*h = -0*h - z. What is the highest common factor of h and t?
7
Let y be ((-20)/6)/(12/81)*-4. What is the highest common divisor of y and 10?
10
Suppose -5*x + 5*w = 0, 2*x - 6 = 3*x - 3*w. What is the highest common divisor of 3 and x?
3
Suppose 0 = -d + 2*d - 94. Let t = d - 42. Calculate the highest common divisor of 13 and t.
13
Suppose 0*r + 3*r - 243 = 0. Suppose 4*v - 35 = 5*o, 3*o - 2*o - v + 8 = 0. Let x be (-5)/(25/o)*15. Calculate the highest common divisor of x and r.
9
Let u be (42/(-4))/((-9)/42). What is the greatest common factor of u and 7?
7
Let i(z) = -5*z - 3. Let y be i(-5). Calculate the greatest common factor of y and 55.
11
Suppose -2*k = -5*k + 4*g + 54, -3*k + 60 = -2*g. Let v(m) = 29*m**2 + 10*m + 11. Let i be v(-3). What is the greatest common divisor of k and i?
22
Suppose 234 = q + q. Let d = q - 27. Calculate the highest common divisor of d and 15.
15
Let m(z) = -4*z + 7. Let l be m(-6). Let o = -18 + l. What is the greatest common divisor of o and 130?
13
Suppose 3*o + 2*s = 22, -2 = -o + 2*o + 3*s. Let q be (2/6)/(2/12). Suppose q*d = -0*d + 40. What is the greatest common factor of d and o?
10
Let l be (0 + 2)*(0 + 11). Suppose -2 = -2*q - 5*s + 3, -4*s = 2*q - 6. Suppose 2*t - 60 = -5*x, 3 + l = -q*t. What is the highest common divisor of x and 14?
14
Let m be (-288)/(-54)*27/2. What is the highest common factor of 48 and m?
24
Let l(z) = -3*z**3 + z**2. Let k = 7 - 5. Let t = -4 + k. Let h be l(t). What is the highest common factor of h and 7?
7
Let b = 140 + -85. Calculate the highest common factor of b and 22.
11
Suppose -2*x - 2 = -u - u, -3*x + 5*u + 7 = 0. Let n = x + 32. Calculate the greatest common factor of 52 and n.
26
Let y = -17 + 7. Let o = -6 - y. Suppose 5 + 99 = o*t. Calculate the highest common divisor of 39 and t.
13
Suppose -5*f = -374 - 81. Suppose 4*s = -3*x + 193 + f, 3*s + 249 = 3*x. Calculate the highest common factor of 8 and x.
8
Let f be ((-3)/(-6))/(33/30 + -1). Calculate the highest common divisor of f and 40.
5
Let i = -4 + 6. What is the greatest common factor of i and 5?
1
Let q(n) = 2*n - 6. Let b be q(5). Let c be -132*(b/3)/(-2). What is the greatest common divisor of c and 8?
8
Suppose 54 = 3*n - 219. What is the highest common divisor of n and 13?
13
Let z(s) = -s + 9. Let j be z(-10). What is the greatest common factor of j and 95?
19
Suppose 4*z - 59 - 57 = 4*p, 32 = z - 2*p. Let k = -108 + 238. Calculate the highest common factor of k and z.
26
Suppose 2*l = 8 + 26. Let o be (344/10)/((-2)/(-10)). Suppose -4*s + 542 = 2*p, s - 3*p + 33 = o. What is the greatest common factor of s and l?
17
Suppose -3*n + 132 = -2*r - 34, 0 = 4*r - 4. What is the greatest common divisor of n and 7?
7
Let f = -12 - -27. Calculate the highest common divisor of 45 and f.
15
Let v = 5 + -11. Let p be (-104)/v - 2/(-3). Suppose -5*q + 352 = 2*s, -4*q + 163 = 5*s - 105. What is the greatest common divisor of q and p?
18
Let y = -54 + 94. Calculate the highest common divisor of 8 and y.
8
Suppose 0 = 3*w - 2*o - 56, -4*o - 57 - 35 = -5*w. Calculate the highest common divisor of 180 and w.
20
Suppose -2*z + 48 + 60 = 0. Let y(w) = -w**2 + 8*w - 6. Let c be y(6). What is the highest common divisor of z and c?
6
Let o be (-6 + 143)*(1 - 0). Let y = o - 89. Calculate the highest common divisor of 72 and y.
24
Let v(s) = s**2 - 3*s - 4. Let p be v(8). What is the highest common factor of 12 and p?
12
Suppose -2*j + 4*j = 0. Let v(d) = -d**2 + d + 7. Let x be v(j). Let z(m) = -62*m**3 + 1. Let a be z(-1). What is the greatest common factor of a and x?
7
Suppose 0*h - 4*h + 4*j = 0, j - 18 = -5*h. Suppose -h*x + 6 + 3 = 0. Let v(o) = -7*o - 16. Let q be v(-4). Calculate the greatest common factor of x and q.
3
Suppose -7*t = -4*t - 48. What is the highest common divisor of t and 112?
16
Let b be 3/9*0 - -66. Let m = 5 - -6. Calculate the highest common factor of m and b.
11
Suppose -4*h - 33 + 9 = 0. Let v = h - -10. What is the greatest common factor of v and 20?
4
Let b(u) = -u**2 + 9*u + 19. Let h be b(8). What is the greatest common divisor of 108 and h?
27
Let q(n) = -n + 2. Let m be q(0). Let p = -21 - -29. Suppose -p*y = -13*y + 15. What is the greatest common factor of m and y?
1
Suppose 0 = k - 3 + 1. Suppose -q + 3*q = 4. What is the greatest common divisor of k and q?
2
Let k(y) = y**3 + y**2. Let b be k(0). Let f be (b + -1)*(-6 + -1). Calculate the greatest common factor of 56 and f.
7
Suppose 0 = -4*o + 56 + 184. What is the greatest common divisor of 12 and o?
12
Let u = -18 - -12. Let n be 7/((u/(-9))/2). Suppose -5*w + 33 + 37 = 0. What is the highest common divisor of w and n?
7
Let h(j) = 10*j + 16. Let v be h(11). Calculate the highest common factor of 14 and v.
14
Suppose -37 = -5*r - 12, -49 = -3*q - 2*r. Calculate the highest common factor of q and 52.
13
Suppose -236 - 172 = -2*t. Calculate the highest common factor of t and 17.
17
Suppose 4*h - 675 = -h. Calculate the highest common factor of h and 15.
15
Let o be (-1*8)/(11/44). Let s be 1/(2/(o/(-4))). Calculate the highest common factor of s and 36.
4
Let a be 3/10*-4*-10. Let m be 1/((-7)/(-3) - 2). Suppose -2*l + m = -21. Calculate the highest common divisor of a and l.
12
Let b be ((-18)/(-4))/((-6)/(-16)). What is the highest common divisor of b and 84?
12
Suppose -2*f - 3 + 9 = 0. Suppose 23 = f*c - 55. Suppose 4*j - 6*j + c = 0. What is the highest common divisor of 52 and j?
13
Let r = 2 + -7. Let x be r/(-5) + (2 - -29). What is the greatest common factor of 4 and x?
4
Suppose -y + 6*y - 75 = 0. Calculate the greatest common factor of y and 120.
15
Let n(s) = 11 + 7*s + 2 - 6*s. Let c = 6 + -15. Let v be n(c). What is the highest common factor of v and 4?
4
Let w(x) = -x + 2. Let c be w(8). Let d be 6 - c/((-6)/(-2)). Let g = -66 + 154. What is the highest common divisor of g and d?
8
Let u(k) = 3*k**2 - 2*k - 4. Let d = -16 + 11. Let s be u(d). What is the highest common divisor of 9 and s?
9
Suppose 0 = 2*c - 6*c + 104. Calculate the greatest common factor of c and 65.
13
Let t be (4/5)/((-6)/(-180)). Suppose -5*b - 31 = 59. Let q be (4/(-3))/(2/b). Calculate the greatest common divisor of q and t.
12
Let q(a) = -a**3 - 7*a**2 - 10*a - 22. Let l be q(-6). Calculate the greatest common divisor of l and 14.
2
Suppose 0 = 2*k + 3*r + 19, 3*k + 2*r + 12 = 3*r. Let g be ((-1)/(-2))/(k/130). Let q be -6*(0 + 0 + g). What is the highest common factor of q and 13?
13
Suppose 8 = d + s, s + 3*s - 45 = -5*d. What is the greatest common divisor of 91 and d?
13
Suppose 4*u - 10 = b + 8, 2*u = -2*b + 4. Suppose -l = -2*w + w + 5, 4*w - 15 = 5*l. Calculate the highest common d